-- phpMyAdmin SQL Dump
-- version 3.4.5
-- http://www.phpmyadmin.net
--
-- Počítač: localhost
-- Vygenerováno: Úte 05. úno 2013, 21:24
-- Verze MySQL: 5.5.16
-- Verze PHP: 5.3.8

SET SQL_MODE="NO_AUTO_VALUE_ON_ZERO";
SET time_zone = "+00:00";


/*!40101 SET @OLD_CHARACTER_SET_CLIENT=@@CHARACTER_SET_CLIENT */;
/*!40101 SET @OLD_CHARACTER_SET_RESULTS=@@CHARACTER_SET_RESULTS */;
/*!40101 SET @OLD_COLLATION_CONNECTION=@@COLLATION_CONNECTION */;
/*!40101 SET NAMES utf8 */;

--
-- Databáze: `agenda`
--

-- --------------------------------------------------------

--
-- Struktura tabulky `aprobace`
--

CREATE TABLE IF NOT EXISTS `aprobace` (
  `aprobace_id` tinyint(3) unsigned NOT NULL AUTO_INCREMENT,
  `aprobace_nazev` varchar(30) COLLATE utf8_czech_ci NOT NULL,
  PRIMARY KEY (`aprobace_id`)
) ENGINE=MyISAM  DEFAULT CHARSET=utf8 COLLATE=utf8_czech_ci AUTO_INCREMENT=12 ;

--
-- Vypisuji data pro tabulku `aprobace`
--

INSERT INTO `aprobace` (`aprobace_id`, `aprobace_nazev`) VALUES
(1, 'Matematika'),
(2, 'Fyzika'),
(3, 'Dějepis'),
(4, 'Zeměpis'),
(5, 'Přírodopis'),
(6, 'Český jazyk'),
(7, 'Cizí jazyk'),
(8, 'Hudební výchova'),
(9, 'Výtvarná výchova'),
(10, 'Chemie'),
(11, 'Informační výchova');

-- --------------------------------------------------------

--
-- Struktura tabulky `pedagogove`
--

CREATE TABLE IF NOT EXISTS `pedagogove` (
  `pedagog_id` tinyint(3) unsigned NOT NULL AUTO_INCREMENT,
  `krestni_jmeno` varchar(20) COLLATE utf8_czech_ci NOT NULL,
  `prijmeni` varchar(30) COLLATE utf8_czech_ci NOT NULL,
  `datum_narozeni` date NOT NULL,
  PRIMARY KEY (`pedagog_id`)
) ENGINE=MyISAM  DEFAULT CHARSET=utf8 COLLATE=utf8_czech_ci AUTO_INCREMENT=10 ;

--
-- Vypisuji data pro tabulku `pedagogove`
--

INSERT INTO `pedagogove` (`pedagog_id`, `krestni_jmeno`, `prijmeni`, `datum_narozeni`) VALUES
(1, 'Anastázie', 'Molnárová', '1974-01-25'),
(2, 'Mojmír ', 'Hruška', '1961-11-18'),
(3, 'Martin', 'Jedlička', '1980-03-01'),
(4, 'Eliška', 'Konopníková', '1978-03-31'),
(5, 'Jiří', 'Kašpárek', '1981-04-05'),
(6, 'Karel ', 'Masný', '1970-10-11'),
(7, 'Marie', 'Nováková', '1965-12-05'),
(8, 'Jana', 'Křížková', '1979-07-09'),
(9, 'Petra', 'Zcestovalá', '1985-04-19');

-- --------------------------------------------------------

--
-- Struktura tabulky `ped_apr`
--

CREATE TABLE IF NOT EXISTS `ped_apr` (
  `pedagog_id` tinyint(3) unsigned NOT NULL,
  `aprobace_id` tinyint(3) unsigned NOT NULL,
  PRIMARY KEY (`pedagog_id`,`aprobace_id`)
) ENGINE=MyISAM DEFAULT CHARSET=utf8 COLLATE=utf8_czech_ci;

--
-- Vypisuji data pro tabulku `ped_apr`
--

INSERT INTO `ped_apr` (`pedagog_id`, `aprobace_id`) VALUES
(1, 3),
(1, 6),
(2, 1),
(2, 2),
(3, 2),
(3, 10),
(4, 9),
(5, 1),
(5, 11),
(6, 4),
(6, 5),
(7, 6),
(7, 8),
(8, 11);

/*!40101 SET CHARACTER_SET_CLIENT=@OLD_CHARACTER_SET_CLIENT */;
/*!40101 SET CHARACTER_SET_RESULTS=@OLD_CHARACTER_SET_RESULTS */;
/*!40101 SET COLLATION_CONNECTION=@OLD_COLLATION_CONNECTION */;
